o + 63*o + 3*h + 189 = 0. Calculate the remainder when o is divided by k.
21
Let z = 126 - 17. Suppose 4*a - 100 = 3*b + b, 4*a - z = -5*b. Suppose 3*v = 3*u - 234, 0*u - 3*u + 213 = 4*v. Calculate the remainder when u is divided by a.
23
Let a = 1747 + -1469. Calculate the remainder when a is divided by 35.
33
What is the remainder when 3 - -97 - (3 + 2/(-2)) is divided by 38?
22
Suppose o + 14*o - 960 = 0. Calculate the remainder when o is divided by -9*(-33)/9*1.
31
Let w(z) = -2*z**3 + 6*z + 5. Let q = 74 + -74. Calculate the remainder when w(-4) is divided by (q - -3)/((-9)/(-66)).
21
Let b(a) = -2*a - 9. Let s be b(-10). Let n = 15 - s. Suppose -c = 5, n*c - 7 - 7 = -d. Calculate the remainder when d is divided by 13.
8
Let c(t) = t**3 + 10*t**2 + 2*t + 3. Calculate the remainder when 723 is divided by c(-9).
63
Let l(c) = c**3 + 17*c**2 + 51*c + 1. Calculate the remainder when 182 is divided by l(-13).
0
Let p be (-38)/(-3) + (-32)/48. Suppose -2*u + 2*h + 44 = -p, 116 = 5*u + 3*h. Calculate the remainder when u is divided by (-2)/7 - 325/(-35).
7
Let f = 26 + -45. Suppose 12*y - 2*y = 420. Let t = y - f. Calculate the remainder when t is divided by 21.
19
Suppose -5*u - 3*t + 31 = 0, -2*u - 30*t + 34*t = -2. What is the remainder when 7 is divided by u?
2
Suppose 48 = 2*p - 4*x - 58, 2*p - 3*x = 102. Let a be 664/(-9) - 10/p. Calculate the remainder when 2 + -1 + a/(-2) is divided by 8.
6
Let a = -161 - -311. Calculate the remainder when 753 is divided by a.
3
Suppose -5*f + 714 = -396. Let k = f + -159. Let l = 15 - -7. Calculate the remainder when k is divided by l.
19
Suppose g + 5 = 0, -3*g - 3 = q - 2*g. Suppose -z - q*z + 42 = -3*u, -49 = -5*z - 2*u. Let i = 31 + z. Calculate the remainder when i is divided by 9.
6
Let h = 12 + -16. Let o be 0/((-3 - -6) + h). Suppose o = 4*n - n - 9. What is the remainder when 3 is divided by n?
0
Suppose -5*k + 21 = 71. What is the remainder when 20 is divided by 16 - 5/(k/4)?
2
Let t = 22 - 13. Let y = 52 + -35. What is the remainder when y is divided by t?
8
Suppose 5*k - 8*k = -4*p + 1194, -3*p = -2*k - 896. Calculate the remainder when p is divided by 79.
63
Suppose -2*q = 5*x - 31, 3*x + 4 = 2*x + 3*q. Suppose t = -x*h + 2, -3*t - 5*h + 26 = -0*h. What is the remainder when 143 is divided by t?
11
Let z(d) = 8*d + 10. Let w be z(-3). Let m = 36 + w. Suppose -86 = -6*b + m. Calculate the remainder when 53 is divided by b.
17
Suppose 95*o = 96*o - 2, 5*x - 2*o = 1226. What is the remainder when x is divided by 25?
21
Let o = -609 - -623. Calculate the remainder when 48 is divided by o.
6
Let p(n) = -n**3 + 10*n**2 + 12*n - 9. Let r be p(11). Let i be r/12 - (-5)/(-30). Let g = 11 - i. Calculate the remainder when 30 is divided by g.
8
Calculate the remainder when 326 is divided by 159/3 - (-6 - -12).
44
Let f be (-1406)/(-10) - 2/(-5). Let n = -640 + 649. Suppose f = 3*a - n. What is the remainder when a is divided by 26?
24
Let l be 2/(-8) + 135/60. Suppose u = 5*p - 93, 4*p + 0*u - 66 = -l*u. Calculate the remainder when 106 is divided by p.
16
Suppose -c = -4*c + 36. Suppose 0 = p - 0*p - 11. Let w = 36 + p. Calculate the remainder when w is divided by c.
11
Suppose 2*x - 7*x = -140. Let w(k) = -k**2 + 13*k + 13. Let f = -1 - -8. Calculate the remainder when w(f) is divided by x.
27
Let a = 36 - 13. Suppose r - 3 - 2 = 0. Suppose -20 = -3*q + r*b, -3*b + 5 + 2 = 2*q. Calculate the remainder when a is divided by q.
3
Suppose -3*c = 2*c - 2*m - 50, m = -5*c + 35. Let x = -7764 + 7778. Calculate the remainder when x is divided by c.
6
Let k = 19 + -9. Calculate the remainder when (4 - (6 - 28)) + (-2 - -5) is divided by k.
9
Suppose 0 = -5*t + 3*t - 2*j + 150, 0 = -4*j + 20. Calculate the remainder when ((-1)/((-1)/(-8)))/((-5)/t) is divided by 19.
17
Suppose -3*d = 4*f - 168, f - 5*f + 2*d = -148. Suppose 68 = 41*t - f*t. What is the remainder when t is divided by 10?
4
Let u = 1113 - 259. Calculate the remainder when (u/35)/(6/15) is divided by 16.
13
Let z = -1503 + 1534. Calculate the remainder when 99 is divided by z.
6
Let d be 1 + 15 - (-13 + 16). Suppose 0 = -12*g + d*g - 12. What is the remainder when 16 is divided by g?
4
Let n be 1/(-4) - 2/(-8). Suppose -q - 1 + 31 = n. What is the remainder when 118 is divided by q?
28
Let a(j) = -5*j**2 + 35*j - 4. Calculate the remainder when 93 is divided by a(6).
15
Let r(i) = 15*i**3 - 5*i**2 + 13*i - 21. Calculate the remainder when r(3) is divided by 77.
70
Let c = 163 + -144. What is the remainder when 186 is divided by c?
15
Let v(r) be the second derivative of -r**5/20 - 5*r**4/3 + r**3/6 + 16*r**2 + 26*r. What is the remainder when v(-20) is divided by 7?
5
Suppose -3*b + 94 = -k, 30*k - 35*k = -3*b + 74. Suppose 0 = u - 0*u - 315. Suppose q + 4*q = u. What is the remainder when q is divided by b?
30
Let t be (-2 - -4)*(-1 + 2). Let o be -5 - -6 - (t - -1). Let m(z) = 3*z**2 + 2*z + 2. What is the remainder when 27 is divided by m(o)?
7
Let g be (-6)/10 + (-412)/5. Let p = 125 + g. Suppose 2*j - p = -4*j. What is the remainder when 13 is divided by j?
6
Suppose 18 = -2*b - 0*b. Let y(d) = -11*d + 14. Calculate the remainder when y(b) is divided by 39.
35
Let t = -157 - -299. What is the remainder when t is divided by 29?
26
Suppose 8*a - 39 = 17. What is the remainder when 21 is divided by a?
0
Let j(s) = -s - 14. Let o be j(-11). What is the remainder when 16 is divided by 3*(-1 - (-3 + o/9))?
2
Suppose -3*c = -2*j + 64, -3*j + 2*c + 0*c + 96 = 0. Calculate the remainder when 59 is divided by j.
27
Suppose 2*b = -b - 228. Let l = b - -114. Suppose -y - y - 2*a = -l, -3*y + 33 = -5*a. What is the remainder when 46 is divided by y?
14
Let g = -2 - -4. Suppose 0*y + 12 = g*y. What is the remainder when 20 is divided by y?
2
Let p(g) = 13*g**2 + 2*g + 6. Let w be p(3). Suppose -6*l = 75 + w. Let h = -10 - l. Calculate the remainder when 71 is divided by h.
23
Suppose 30*s - 934 = 4766. What is the remainder when s is divided by 19?
0
Let i = 86 + 711. What is the remainder when i is divided by 40?
37
Calculate the remainder when 1*4*5/(-50)*-185 is divided by 38.
36
Suppose 169 + 239 = 17*v. What is the remainder when 116 is divided by v?
20
Let m = -416 - -509. What is the remainder when m is divided by ((-1)/3)/((-1)/57)?
17
Let x = -23 + 28. Suppose 4*d - 3 = x. Let p = d - -10. What is the remainder when p is divided by 7?
5
Suppose 16*i + 130 - 300 - 70 = 0. Suppose -8*w = -3*w. Let p = 57 + w. What is the remainder when p is divided by i?
12
Suppose 2*p = -p + 9. Let b = 445 - 427. Let x = p + b. What is the remainder when 40 is divided by x?
19
Suppose 0 = 2*w + a - 8, 5*w - 3*a + 2*a = 27. Suppose 2*p + 4*i - 38 = 6*i, -w*p + i + 91 = 0. Calculate the remainder when p is divided by 13.
5
Suppose 5*w = 22 + 8. What is the remainder when -2*(-2 + 6) - -22 is divided by w?
2
Let f(v) = v**3 - 6*v**2 - 17*v + 13. Let w be f(8). Let a(x) = -x**3 + 11*x**2 - 5*x + 2. Calculate the remainder when a(w) is divided by 32.
31
Let k = 15 + -13. What is the remainder when (186/(-12))/((-1)/k) is divided by 7?
3
Let c(a) = 628*a**3 + a**2 - 1. Calculate the remainder when c(1) is divided by 79.
75
What is the remainder when 2*(-6)/(-8)*1720/60 is divided by 15?
13
Let u be (-193)/5 - (-26)/(-65). Let p = u - -110. Suppose 5*r - 5*x - 43 = r, -4*x + p = 3*r. What is the remainder when 32 is divided by r?
15
Let p(o) = -18*o + 14. Let n be p(2). What is the remainder when -1 - 0 - (-6 + n) is divided by 7?
6
Suppose -q - 60 = -2*p, 4*p + 4*q - 88 - 20 = 0. Let j = -9 - -3. Calculate the remainder when p is divided by (-2)/j - 58/(-6).
9
Suppose -5*g + 51 = 4*s, 4*g - 5*s - 20 = 29. Suppose -g*r + 57 + 130 = 0. Calculate the remainder when 66 is divided by r.
15
Suppose 638 = 2*n + 4*m, -4*m - 159 - 166 = -n. What is the remainder when n is divided by 18?
15
Suppose 4*g - 3*n = 106 - 24, -2*g + 54 = 5*n. Suppose 4*a = -4*s + 44, -3*s = -s + 4*a - 18. Calculate the remainder when g is divided by s.
9
Suppose m - 67 = -2*n + 159, 2*m = -2*n + 228. What is the remainder when n is divided by 23?
20
Let t be (17 + -19)/((-22)/18 + 1). Suppose p - t = -2*a + 3, -3*p + a = -15. Suppose 4*l = 2*l + 18. Calculate the remainder when l is divided by p.